{"id":227,"date":"2017-02-27T12:26:32","date_gmt":"2017-02-27T11:26:32","guid":{"rendered":"http:\/\/www.reckasvatba.cz\/?page_id=227"},"modified":"2017-02-27T12:26:32","modified_gmt":"2017-02-27T11:26:32","slug":"tereza-a-martin-kefalonie","status":"publish","type":"page","link":"https:\/\/www.reckasvatba.cz\/?page_id=227","title":{"rendered":"Tereza a Martin, Kefalonie"},"content":{"rendered":"<p>Mil\u00e1 Maggie,<\/p>\n<p>cht\u011bli bychom Ti za v\u0161e moc a moc pod\u011bkovat. U\u017e v\u00a0pr\u016fb\u011bhu domlouv\u00e1n\u00ed na\u0161\u00ed svatby n\u00e1m bylo jasn\u00e9, \u017ee jsme oslovili toho spr\u00e1vn\u00e9ho \u010dlov\u00ed\u010dka. Ale to, co jsi pro n\u00e1s p\u0159ichystala, bylo nad ve\u0161ker\u00e1 o\u010dek\u00e1v\u00e1n\u00ed. Sta\u010dilo 10 dn\u00ed a m\u00e1me pocit, jako bychom T\u011b znali ji\u017e 10 let.<\/p>\n<p>A\u010dkoliv jsme se p\u0159ed t\u00edm, ne\u017e jsme T\u011b po\u017e\u00e1dali o zorganizov\u00e1n\u00ed na\u0161\u00ed svatby, neznali, pot\u011b\u0161il n\u00e1s Tv\u016fj p\u0159\u00e1telsk\u00fd a osobn\u00ed p\u0159\u00edstup. P\u0159esto\u017ee \u017eije\u0161 na Kefalonii, s\u00a0komunikac\u00ed nebyl probl\u00e9m (telefon\u00e1ty p\u0159es Skype, e-mailov\u00e9 zpr\u00e1vy). Na na\u0161e e-mailov\u00e9 dotazy jsi reagovala obratem, rychle jsi zji\u0161\u0165ovala pot\u0159ebn\u00e9 informace a pos\u00edlala zaj\u00edmav\u00e9 n\u00e1m\u011bty a doporu\u010den\u00ed. T\u00edm, \u017ee jsi n\u00e1s sama informovala o tom, co se aktu\u00e1ln\u011b ud\u00e1lo\/domluvilo\/za\u0159\u00eddilo, tak jsme v\u00a0z\u00e1sad\u011b komunikovali denn\u011b, co\u017e bylo moc fajn. Velmi oce\u0148ujeme, \u017ee jsi n\u00e1s do ni\u010deho netla\u010dila (do \u017e\u00e1dn\u00fdch p\u0159edp\u0159ipraven\u00fdch sc\u00e9n\u00e1\u0159\u016f), v\u0161e n\u00e1m trp\u011bliv\u011b vysv\u011btlila a nech\u00e1vala n\u00e1m dostatek \u010dasu na promy\u0161len\u00ed jednotliv\u00fdch mo\u017enost\u00ed. Mohli jsme si tak v\u00a0klidu vybrat variantu, kter\u00e1 nejv\u00edce vyhovovala na\u0161im pot\u0159eb\u00e1m a p\u0159edstav\u00e1m.<\/p>\n<p>Vyhovovalo n\u00e1m, \u017ee jsme se o v\u0161ech detailech nemuseli z\u00e1vazn\u011b rozhodovat p\u0159edem, ale \u017ee se spousta v\u011bc\u00ed dala za\u0159\u00eddit a\u017e na m\u00edst\u011b. Nap\u0159\u00edklad samotn\u00e9 m\u00edsto svatebn\u00edho ob\u0159adu, kdy jsi s\u00a0n\u00e1mi po na\u0161em p\u0159\u00edletu na Kefalonii obe\u0161la mo\u017en\u00e9 varianty a my jsme tak nemuseli vych\u00e1zet pouze z\u00a0fotografi\u00ed, ale rozhodnout se, jak na n\u00e1s jednotliv\u00e1 m\u00edsta p\u016fsob\u00ed. To sam\u00e9 se t\u00fdkalo svatebn\u00edho dortu, kdy jsi s\u00a0n\u00e1mi za\u0161la do cukr\u00e1rny, ve kter\u00e9 jsme se mohli i den p\u0159ed svatbou rozhodnout, jak\u00fd dort si p\u0159ejeme p\u0159ipravit.<\/p>\n<p>L\u00edbilo se n\u00e1m, \u017ee Kefalonii nezaplavuj\u00ed davy turist\u016f, jako jin\u00e9 \u0159eck\u00e9 ostrovy, a tak jsme si mohli u\u017e\u00edt soukrom\u00ed nejen b\u011bhem na\u0161eho svatebn\u00edho dne, ale i v\u00a0pr\u016fb\u011bhu cel\u00e9ho pobytu.<\/p>\n<p>Na z\u00e1v\u011br bychom r\u00e1di pod\u011bkovali v\u0161em ostatn\u00edm, kte\u0159\u00ed se na na\u0161\u00ed svatb\u011b pod\u00edleli, zejm\u00e9na pak kade\u0159nici, viz\u00e1\u017eistce, panu fotografovi, odd\u00e1vaj\u00edc\u00edmu a starostovi okouzluj\u00edc\u00edho m\u011bste\u010dka Poros. D\u00edky jejich profesion\u00e1ln\u00edmu, trp\u011bliv\u00e9mu a pohodov\u00e9mu p\u0159\u00edstupu v\u0161e prob\u00edhalo v\u00a0dokonal\u00e9 harmonii a my jsme si n\u00e1\u0161 den maxim\u00e1ln\u011b u\u017eili.<\/p>\n<p>Velmi si v\u00e1\u017e\u00edme toho, \u017ee jsme T\u011b poznali a budeme moc r\u00e1di, kdy\u017e z\u016fstaneme p\u0159\u00e1teli i do budoucna<\/p>\n<p>Tereza a Martin<\/p>\n","protected":false},"excerpt":{"rendered":"<p>Mil\u00e1 Maggie, cht\u011bli bychom Ti za v\u0161e moc a moc pod\u011bkovat. U\u017e v\u00a0pr\u016fb\u011bhu domlouv\u00e1n\u00ed na\u0161\u00ed svatby n\u00e1m bylo jasn\u00e9, \u017ee jsme oslovili toho spr\u00e1vn\u00e9ho \u010dlov\u00ed\u010dka. Ale to, co jsi pro n\u00e1s p\u0159ichystala, bylo nad ve\u0161ker\u00e1 o\u010dek\u00e1v\u00e1n\u00ed. Sta\u010dilo 10 dn\u00ed a m\u00e1me pocit, jako bychom T\u011b znali ji\u017e 10 let. A\u010dkoliv jsme se p\u0159ed t\u00edm, ne\u017e &hellip; <\/p>\n<p class=\"link-more\"><a href=\"https:\/\/www.reckasvatba.cz\/?page_id=227\" class=\"more-link\">Pokra\u010dovat ve \u010dten\u00ed<span class=\"screen-reader-text\"> &#8222;Tereza a Martin, Kefalonie&#8220;<\/span><\/a><\/p>\n","protected":false},"author":1,"featured_media":0,"parent":28,"menu_order":0,"comment_status":"closed","ping_status":"closed","template":"","meta":{"footnotes":""},"yoast_head":"<!-- This site is optimized with the Yoast SEO plugin v21.8 - https:\/\/yoast.com\/wordpress\/plugins\/seo\/ -->\n<title>Tereza a Martin, Kefalonie &#8226; SVATBA V \u0158ECKU<\/title>\n<meta name=\"robots\" content=\"index, follow, max-snippet:-1, max-image-preview:large, max-video-preview:-1\" \/>\n<link rel=\"canonical\" href=\"https:\/\/www.reckasvatba.cz\/?page_id=227\" \/>\n<meta property=\"og:locale\" content=\"cs_CZ\" \/>\n<meta property=\"og:type\" content=\"article\" \/>\n<meta property=\"og:title\" content=\"Tereza a Martin, Kefalonie &#8226; SVATBA V \u0158ECKU\" \/>\n<meta property=\"og:description\" content=\"Mil\u00e1 Maggie, cht\u011bli bychom Ti za v\u0161e moc a moc pod\u011bkovat. U\u017e v\u00a0pr\u016fb\u011bhu domlouv\u00e1n\u00ed na\u0161\u00ed svatby n\u00e1m bylo jasn\u00e9, \u017ee jsme oslovili toho spr\u00e1vn\u00e9ho \u010dlov\u00ed\u010dka. Ale to, co jsi pro n\u00e1s p\u0159ichystala, bylo nad ve\u0161ker\u00e1 o\u010dek\u00e1v\u00e1n\u00ed. Sta\u010dilo 10 dn\u00ed a m\u00e1me pocit, jako bychom T\u011b znali ji\u017e 10 let. A\u010dkoliv jsme se p\u0159ed t\u00edm, ne\u017e &hellip; Pokra\u010dovat ve \u010dten\u00ed &quot;Tereza a Martin, Kefalonie&quot;\" \/>\n<meta property=\"og:url\" content=\"https:\/\/www.reckasvatba.cz\/?page_id=227\" \/>\n<meta property=\"og:site_name\" content=\"SVATBA V \u0158ECKU\" \/>\n<meta name=\"twitter:card\" content=\"summary_large_image\" \/>\n<meta name=\"twitter:label1\" content=\"Odhadovan\u00e1 doba \u010dten\u00ed\" \/>\n\t<meta name=\"twitter:data1\" content=\"2 minuty\" \/>\n<script type=\"application\/ld+json\" class=\"yoast-schema-graph\">{\"@context\":\"https:\/\/schema.org\",\"@graph\":[{\"@type\":\"WebPage\",\"@id\":\"https:\/\/www.reckasvatba.cz\/?page_id=227\",\"url\":\"https:\/\/www.reckasvatba.cz\/?page_id=227\",\"name\":\"Tereza a Martin, Kefalonie &#8226; SVATBA V \u0158ECKU\",\"isPartOf\":{\"@id\":\"https:\/\/www.reckasvatba.cz\/#website\"},\"datePublished\":\"2017-02-27T11:26:32+00:00\",\"dateModified\":\"2017-02-27T11:26:32+00:00\",\"breadcrumb\":{\"@id\":\"https:\/\/www.reckasvatba.cz\/?page_id=227#breadcrumb\"},\"inLanguage\":\"cs\",\"potentialAction\":[{\"@type\":\"ReadAction\",\"target\":[\"https:\/\/www.reckasvatba.cz\/?page_id=227\"]}]},{\"@type\":\"BreadcrumbList\",\"@id\":\"https:\/\/www.reckasvatba.cz\/?page_id=227#breadcrumb\",\"itemListElement\":[{\"@type\":\"ListItem\",\"position\":1,\"name\":\"Dom\u016f\",\"item\":\"https:\/\/www.reckasvatba.cz\/\"},{\"@type\":\"ListItem\",\"position\":2,\"name\":\"Reference\",\"item\":\"https:\/\/www.reckasvatba.cz\/?page_id=28\"},{\"@type\":\"ListItem\",\"position\":3,\"name\":\"Tereza a Martin, Kefalonie\"}]},{\"@type\":\"WebSite\",\"@id\":\"https:\/\/www.reckasvatba.cz\/#website\",\"url\":\"https:\/\/www.reckasvatba.cz\/\",\"name\":\"SVATBA V \u0158ECKU\",\"description\":\"Svatby v \u0158ecku a na \u0159eck\u00fdch ostrovech\",\"potentialAction\":[{\"@type\":\"SearchAction\",\"target\":{\"@type\":\"EntryPoint\",\"urlTemplate\":\"https:\/\/www.reckasvatba.cz\/?s={search_term_string}\"},\"query-input\":\"required name=search_term_string\"}],\"inLanguage\":\"cs\"}]}<\/script>\n<!-- \/ Yoast SEO plugin. -->","yoast_head_json":{"title":"Tereza a Martin, Kefalonie &#8226; SVATBA V \u0158ECKU","robots":{"index":"index","follow":"follow","max-snippet":"max-snippet:-1","max-image-preview":"max-image-preview:large","max-video-preview":"max-video-preview:-1"},"canonical":"https:\/\/www.reckasvatba.cz\/?page_id=227","og_locale":"cs_CZ","og_type":"article","og_title":"Tereza a Martin, Kefalonie &#8226; SVATBA V \u0158ECKU","og_description":"Mil\u00e1 Maggie, cht\u011bli bychom Ti za v\u0161e moc a moc pod\u011bkovat. U\u017e v\u00a0pr\u016fb\u011bhu domlouv\u00e1n\u00ed na\u0161\u00ed svatby n\u00e1m bylo jasn\u00e9, \u017ee jsme oslovili toho spr\u00e1vn\u00e9ho \u010dlov\u00ed\u010dka. Ale to, co jsi pro n\u00e1s p\u0159ichystala, bylo nad ve\u0161ker\u00e1 o\u010dek\u00e1v\u00e1n\u00ed. Sta\u010dilo 10 dn\u00ed a m\u00e1me pocit, jako bychom T\u011b znali ji\u017e 10 let. A\u010dkoliv jsme se p\u0159ed t\u00edm, ne\u017e &hellip; Pokra\u010dovat ve \u010dten\u00ed \"Tereza a Martin, Kefalonie\"","og_url":"https:\/\/www.reckasvatba.cz\/?page_id=227","og_site_name":"SVATBA V \u0158ECKU","twitter_card":"summary_large_image","twitter_misc":{"Odhadovan\u00e1 doba \u010dten\u00ed":"2 minuty"},"schema":{"@context":"https:\/\/schema.org","@graph":[{"@type":"WebPage","@id":"https:\/\/www.reckasvatba.cz\/?page_id=227","url":"https:\/\/www.reckasvatba.cz\/?page_id=227","name":"Tereza a Martin, Kefalonie &#8226; SVATBA V \u0158ECKU","isPartOf":{"@id":"https:\/\/www.reckasvatba.cz\/#website"},"datePublished":"2017-02-27T11:26:32+00:00","dateModified":"2017-02-27T11:26:32+00:00","breadcrumb":{"@id":"https:\/\/www.reckasvatba.cz\/?page_id=227#breadcrumb"},"inLanguage":"cs","potentialAction":[{"@type":"ReadAction","target":["https:\/\/www.reckasvatba.cz\/?page_id=227"]}]},{"@type":"BreadcrumbList","@id":"https:\/\/www.reckasvatba.cz\/?page_id=227#breadcrumb","itemListElement":[{"@type":"ListItem","position":1,"name":"Dom\u016f","item":"https:\/\/www.reckasvatba.cz\/"},{"@type":"ListItem","position":2,"name":"Reference","item":"https:\/\/www.reckasvatba.cz\/?page_id=28"},{"@type":"ListItem","position":3,"name":"Tereza a Martin, Kefalonie"}]},{"@type":"WebSite","@id":"https:\/\/www.reckasvatba.cz\/#website","url":"https:\/\/www.reckasvatba.cz\/","name":"SVATBA V \u0158ECKU","description":"Svatby v \u0158ecku a na \u0159eck\u00fdch ostrovech","potentialAction":[{"@type":"SearchAction","target":{"@type":"EntryPoint","urlTemplate":"https:\/\/www.reckasvatba.cz\/?s={search_term_string}"},"query-input":"required name=search_term_string"}],"inLanguage":"cs"}]}},"jetpack_sharing_enabled":true,"jetpack_shortlink":"https:\/\/wp.me\/P8rUEV-3F","jetpack-related-posts":[{"id":1124,"url":"https:\/\/www.reckasvatba.cz\/?page_id=1124","url_meta":{"origin":227,"position":0},"title":"B\u00e1ra a Petr, Kefalonie","author":"recka","date":"26.1.2021","format":false,"excerpt":"P\u0159edstavovali jsme si sv\u016fj den kr\u00e1sn\u011b, ale d\u00edky Maggie to bylo nepopsateln\u00e9, dokonal\u00e9 Moc d\u011bkujeme, Maggie, za osobn\u00ed p\u0159\u00edstup, nikdy nebudeme litovat, \u017ee jsme se rozhodli n\u00e1\u0161 den uskute\u010dnit s V\u00e1mi a t\u00edmto stylem. V\u0161e n\u00e1dhern\u011b p\u0159ipraven\u00e9, skv\u011bl\u00e1 komunikace, nic nen\u00ed nemo\u017en\u00e9 opravdu jsme m\u011bli pocit, \u017ee Maggie je tu\u2026","rel":"","context":"Similar post","block_context":{"text":"Similar post","link":""},"img":{"alt_text":"","src":"","width":0,"height":0},"classes":[]},{"id":232,"url":"https:\/\/www.reckasvatba.cz\/?page_id=232","url_meta":{"origin":227,"position":1},"title":"Zuzana a Marek, Zakynthos","author":"recka","date":"27.2.2017","format":false,"excerpt":"Moc bychom cht\u011bli pod\u011bkovat Margaritce za super spolupr\u00e1ci, komunikaci a trp\u011blivost p\u0159i pl\u00e1nov\u00e1n\u00ed na\u0161eho poh\u00e1dkov\u00e9ho svatebn\u00edho dne! Pomohla n\u00e1m zrealizovat n\u00e1\u0161 sen a d\u00edky n\u00ed se stal skute\u010dnost\u00ed! D\u011bkujeme i fotografce a koordin\u00e1torce na Zakynthos za spolupr\u00e1ci! D\u00edky V\u00e1m m\u00e1me n\u00e1dhern\u00e9 svatebn\u00ed fotografie, kter\u00e9 v\u0161ichni obdivovali! Spolupr\u00e1ce p\u0159i samotn\u00e9m ob\u0159adu\u2026","rel":"","context":"Similar post","block_context":{"text":"Similar post","link":""},"img":{"alt_text":"","src":"","width":0,"height":0},"classes":[]},{"id":825,"url":"https:\/\/www.reckasvatba.cz\/?page_id=825","url_meta":{"origin":227,"position":2},"title":"Lucie a Jan, Korfu","author":"recka","date":"3.9.2018","format":false,"excerpt":"Reference Lucie a Jan,\u00a0 Korfu 2018 S p\u0159\u00edtelem jsme se rozhodli n\u00e1\u0161 \u0161estn\u00e1ctilet\u00fd vztah zpe\u010detit s\u0148atkem. Po tom, co jsem poznala kr\u00e1sy\u00a0\u0159eck\u00fdch ostrov\u016f, tak na\u0161\u00edm snem byla svatba na kr\u00e1sn\u00e9 \u0159eck\u00e9 pl\u00e1\u017ei.\u00a0 Po odsouhlasen\u00ed m\u00e9ho n\u00e1padu p\u0159\u00edtelem jsem dlouho vyb\u00edrala na internetu agenturu, p\u0159es kterou n\u00e1\u0161 pl\u00e1n uskute\u010dn\u00edm. N\u011bjak jsem\u2026","rel":"","context":"Similar post","block_context":{"text":"Similar post","link":""},"img":{"alt_text":"","src":"","width":0,"height":0},"classes":[]},{"id":1058,"url":"https:\/\/www.reckasvatba.cz\/?page_id=1058","url_meta":{"origin":227,"position":3},"title":"Tereza a Jind\u0159ich, Santorini","author":"recka","date":"9.10.2020","format":false,"excerpt":"Na\u0161e Svatba na Santorini byla \u00fa\u017easn\u00e1 a nezapomenuteln\u00e1. Moc jsme si n\u00e1\u0161 den u\u017eili\u2764\ufe0fVelk\u00e9 d\u00edky pat\u0159\u00ed pan\u00ed Margarit\u011b i pan\u00ed \u0160\u00e1rce\ud83d\ude42\u00a0V\u0161e prob\u011bhlo p\u0159esn\u011b podle na\u0161ich p\u0159edstav a bez starost\u00ed\ud83d\ude42\u00a0Pokud v\u00e1h\u00e1te, tak doporu\u010duji. S pan\u00ed Margaritou budete ur\u010dit\u011b spokojeni\ud83d\ude09","rel":"","context":"Similar post","block_context":{"text":"Similar post","link":""},"img":{"alt_text":"","src":"","width":0,"height":0},"classes":[]},{"id":556,"url":"https:\/\/www.reckasvatba.cz\/?page_id=556","url_meta":{"origin":227,"position":4},"title":"Renata a Petr, Kefalonie","author":"recka","date":"10.10.2017","format":false,"excerpt":"Reference Renata a Petr, Kefalonie 2017 V\u0161em, kdo si cht\u011bj\u00ed splnit sen stejn\u011b jako j\u00e1 a m\u016fj mu\u017e - vz\u00edt se v \u0158ecku, tak DOPORU\u010cUJI \u0158ECKOU SVATBU (na\u0161i skv\u011blou Maggie :)). M\u011bli jsme p\u0159edstavu jak si ten n\u00e1\u0161 den p\u0159ejeme a nakonec to bylo neskute\u010dn\u00fd ... poh\u00e1dka v re\u00e1lu... Ned\u00e1\u2026","rel":"","context":"Similar post","block_context":{"text":"Similar post","link":""},"img":{"alt_text":"","src":"","width":0,"height":0},"classes":[]},{"id":30,"url":"https:\/\/www.reckasvatba.cz\/?page_id=30","url_meta":{"origin":227,"position":5},"title":"Kontakt","author":"recka","date":"26.2.2017","format":false,"excerpt":"Kontakt Budeme pot\u011b\u0161eni, pokud n\u00e1m nap\u00ed\u0161ete na n\u00ed\u017ee uveden\u00e9 e-mailov\u00e9 adresy anebo se s n\u00e1mi spoj\u00edte telefonicky. Na vy\u017e\u00e1d\u00e1n\u00ed v\u00e1m za\u0161leme aktu\u00e1ln\u00ed cen\u00edk a katalog slu\u017eeb. Organizujeme svatby mal\u00e9 i velk\u00e9, soukrom\u00e9 i honosn\u00e9, tajn\u00e9, ofici\u00e1ln\u00ed i neofici\u00e1ln\u00ed (svatby na oko). Pokud chcete m\u00edt klidnou hlavu a spole\u010dn\u011b se svatbou\u2026","rel":"","context":"Similar post","block_context":{"text":"Similar post","link":""},"img":{"alt_text":"","src":"https:\/\/i0.wp.com\/www.reckasvatba.cz\/wp-content\/uploads\/2017\/02\/gamos-130917-4037-300x200.jpg?resize=350%2C200","width":350,"height":200},"classes":[]}],"_links":{"self":[{"href":"https:\/\/www.reckasvatba.cz\/index.php?rest_route=\/wp\/v2\/pages\/227"}],"collection":[{"href":"https:\/\/www.reckasvatba.cz\/index.php?rest_route=\/wp\/v2\/pages"}],"about":[{"href":"https:\/\/www.reckasvatba.cz\/index.php?rest_route=\/wp\/v2\/types\/page"}],"author":[{"embeddable":true,"href":"https:\/\/www.reckasvatba.cz\/index.php?rest_route=\/wp\/v2\/users\/1"}],"replies":[{"embeddable":true,"href":"https:\/\/www.reckasvatba.cz\/index.php?rest_route=%2Fwp%2Fv2%2Fcomments&post=227"}],"version-history":[{"count":1,"href":"https:\/\/www.reckasvatba.cz\/index.php?rest_route=\/wp\/v2\/pages\/227\/revisions"}],"predecessor-version":[{"id":228,"href":"https:\/\/www.reckasvatba.cz\/index.php?rest_route=\/wp\/v2\/pages\/227\/revisions\/228"}],"up":[{"embeddable":true,"href":"https:\/\/www.reckasvatba.cz\/index.php?rest_route=\/wp\/v2\/pages\/28"}],"wp:attachment":[{"href":"https:\/\/www.reckasvatba.cz\/index.php?rest_route=%2Fwp%2Fv2%2Fmedia&parent=227"}],"curies":[{"name":"wp","href":"https:\/\/api.w.org\/{rel}","templated":true}]}}